v - 1011. Calculate u(33).
1266
Let l(v) = -1985*v - 6689. Determine l(-6).
5221
Let k(t) = 13*t**3 - 131*t**2 + 44*t - 239. What is k(10)?
101
Let o(x) = -4*x**3 + 66*x**2 - 423*x + 7771. What is o(17)?
2
Let r(g) = 4*g**2 - 245*g - 342. Determine r(-3).
429
Let q(f) = -623988*f + 22463574. Calculate q(36).
6
Let p(b) = -6278*b + 527420. Give p(84).
68
Let z(x) = -2397*x - 268535. Determine z(-112).
-71
Let k(n) = -2*n**3 + 87*n**2 - 773*n + 87. What is k(31)?
149
Let z(p) = 567*p - 17664. What is z(31)?
-87
Let y(t) = t**3 + 42*t**2 + 21*t + 669. Calculate y(-42).
-213
Let o(n) = -255*n + 10574. What is o(42)?
-136
Let y(q) = -3*q**3 + 26*q**2 + 214*q - 1869. Determine y(8).
-29
Let r(x) = 2927763*x + 17566570. Give r(-6).
-8
Let g(b) = 36957*b + 73914. Give g(-2).
0
Let v(l) = -1664*l**2 - 357754*l + 1284. Determine v(-215).
-6
Let s(o) = 135*o + 1369. Calculate s(-14).
-521
Let z(v) = -2*v**2 - 54*v + 207. Calculate z(-21).
459
Let b(c) = 45*c**3 + 133*c**2 + 395*c - 20. What is b(-3)?
-1223
Let a(c) = 67*c**2 + 302*c + 311. Calculate a(-3).
8
Let d(w) = 2*w**3 + 518*w**2 - 202*w + 82685. Determine d(-260).
5
Let s(r) = -116*r + 717. Give s(2).
485
Let k(d) = -23*d**2 + 680856*d - 1361716. Give k(2).
-96
Let s(m) = -3363*m + 137882. Determine s(41).
-1
Let v(u) = -3*u**3 - 9*u**2 - 2017*u - 8105. Determine v(-4).
11
Let f(z) = 2*z**3 + 19*z**2 - 26*z - 287. Give f(-8).
113
Let w(f) = -5*f**3 + 3*f**2 + 2063*f - 7987. What is w(4)?
-7
Let w(g) = -709*g - 392052. Determine w(-553).
25
Let k(d) = -830*d - 4074. Calculate k(-5).
76
Let u(o) = -27314*o - 355083. What is u(-13)?
-1
Let o(v) = -9*v**2 + 253*v - 1193. What is o(22)?
17
Let m(n) = -9431*n - 188619. Determine m(-20).
1
Let w(d) = 2*d**2 + 466*d + 2702. Determine w(-6).
-22
Let q(p) = 4*p**2 - 7190*p + 142203. Determine q(20).
3
Let a(l) = 2382*l + 73879. What is a(-31)?
37
Let q(t) = -4433*t + 4960518. Calculate q(1119).
-9
Let g(w) = -1396*w - 43376. Calculate g(-31).
-100
Let d(z) = 89725*z + 359227. What is d(-4)?
327
Let p(j) = -194*j + 36340. What is p(186)?
256
Let g(n) = n**3 - 5*n**2 + 713*n - 5. What is g(0)?
-5
Let a(m) = -248*m + 80328. Calculate a(322).
472
Let f(t) = 2547*t + 20871. What is f(-8)?
495
Let g(n) = 30*n**2 + 2*n - 12. Calculate g(1).
20
Let a(x) = -1864*x + 27975. Determine a(13).
3743
Let x(i) = 7741*i + 54339. What is x(-7)?
152
Let x(z) = -4*z**3 + 132*z**2 - 5*z + 321. Calculate x(33).
156
Let k(i) = i**3 - 116*i**2 - 173*i + 33068. Give k(115).
-52
Let k(h) = 17*h**2 - 1832*h + 39657. Give k(30).
-3
Let m(a) = 6*a**3 + 10*a**2 - 47*a + 51. Determine m(2).
45
Let j(n) = n**2 - 89*n + 506. Determine j(99).
1496
Let o(x) = -x**3 + 674*x**2 + 352*x - 237229. What is o(674)?
19
Let b(d) = 4490*d - 66396. Calculate b(15).
954
Let o(b) = b**2 + 171*b - 12411. Give o(-228).
585
Let d(w) = -w**3 - 34*w**2 + 15553*w - 4862. What is d(-143)?
0
Let n(s) = s**3 - 14*s**2 + 1592*s + 11059. Give n(-7).
-1114
Let z(b) = 2*b**2 + 2365*b + 64665. What is z(-28)?
13
Let k(s) = 68*s - 8404. Give k(122).
-108
Let g(f) = 7*f**3 - 702*f**2 + 203*f - 334. Give g(100).
-34
Let r(b) = -302*b**2 + 54362*b - 360. Calculate r(180).
0
Let u(h) = 21585*h - 323796. Give u(15).
-21
Let j(n) = -229*n - 19975. Determine j(-87).
-52
Let b(s) = -s**2 - 165*s + 8087. What is b(42)?
-607
Let d(p) = 17*p**2 + 2748*p + 54265. Calculate d(-23).
54
Let d(z) = -z**3 + 181*z**2 + 2529*z + 61. Determine d(-13).
-30
Let i(d) = -4*d**2 - 8191*d + 601753. Give i(71).
28
Let y(h) = 32063*h - 641264. Determine y(20).
-4
Let r(i) = -i**3 + 55*i**2 - 586*i + 164. Calculate r(44).
-4324
Let b(m) = 21720*m - 108601. Determine b(5).
-1
Let t(w) = 921*w - 213485. Calculate t(232).
187
Let w(s) = -356*s**3 + 1122*s**2 - 2245*s + 2. Calculate w(2).
-2848
Let w(r) = 19*r**3 + 426*r**2 + 2049*r + 12. What is w(-5)?
-1958
Let u(z) = 92710*z - 741698. What is u(8)?
-18
Let t(f) = -4053228*f - 40532272. Determine t(-10).
8
Let p(g) = -2*g**3 + 28*g**2 - 263*g + 3105. Calculate p(13).
24
Let z(o) = -2*o**3 - 701*o**2 + 1761*o - 1406. Calculate z(-353).
6
Let x(y) = -35940*y + 3342431. Determine x(93).
11
Let v(c) = c**3 - 4801*c**2 - 48121*c - 69. Give v(-10).
41
Let p(s) = 2*s**3 - 11*s**2 - 143*s - 16. Give p(13).
660
Let v(s) = 30346*s - 30344. What is v(1)?
2
Let p(b) = -b**3 + 80*b**2 + 622*b - 37409. Give p(82).
147
Let g(j) = -3811*j + 49525. Calculate g(13).
-18
Let h(p) = 224*p**2 + 4245*p - 273. What is h(-19)?
-64
Let i(v) = -v**3 - 15*v**2 + 109*v + 50. What is i(-20)?
-130
Let n(l) = 176536*l - 1059188. Give n(6).
28
Let b(m) = 6*m**3 + 303*m**2 - 2982*m + 1594. Calculate b(-59).
1
Let p(n) = -12669*n - 31913212. Give p(-2519).
-1
Let o(n) = 15*n**2 + 344*n - 20305. What is o(-50)?
-5
Let w(o) = 7311*o - 182750. What is w(25)?
25
Let f(l) = 6464*l - 45487. Calculate f(7).
-239
Let b(q) = -5711*q - 245574. What is b(-43)?
-1
Let a(m) = 11*m**3 - 5*m**2 - 1797*m + 3585. Determine a(2).
59
Let j(o) = 15*o**2 - 3163*o - 168801. Give j(255).
9
Let a(i) = -44*i**3 - 308*i**2 + 4*i + 30. What is a(-7)?
2
Let h(p) = 14*p**2 - 20010*p - 669590. Determine h(1462).
6
Let g(u) = 658*u - 35347. What is g(54)?
185
Let k(v) = 48*v**2 + 1123*v + 491. Calculate k(-23).
54
Let m(p) = -354*p - 21700. What is m(-62)?
248
Let p(i) = i**3 - 8*i**2 + 230*i + 100. Calculate p(0).
100
Let x(u) = -92118*u + 16120662. Determine x(175).
12
Let v(y) = 6*y**2 - 1619*y + 6494. Calculate v(4).
114
Let h(q) = 167*q**3 - q**2 + 12*q + 12. Give h(-1).
-168
Let d(o) = 27*o**2 + 114*o + 231. Determine d(-2).
111
Let u(f) = f**3 + 263*f**2 + 549*f + 2768. Give u(-261).
-4279
Let y(r) = 200*r**3 - 2000*r**2 - 34*r + 360. Determine y(10).
20
Let l(n) = 570*n - 188133. What is l(330)?
-33
Let z(a) = 6615*a - 7761. Give z(1).
-1146
Let i(z) = 35107*z + 1544671. Give i(-44).
-37
Let v(t) = t**3 - 100*t**2 + 481*t - 37819. Calculate v(99).
-1
Let b(q) = 65*q**2 - 37379*q + 37381. Calculate b(1).
67
Let n(r) = -r**2 + 293*r + 16273. Determine n(333).
2953
Let p(j) = 14*j**2 + 1080*j + 4075. Calculate p(-4).
-21
Let o(c) = -c**2 - 85*c - 1480. What is o(-26)?
54
Let k(o) = -5*o**3 - 7041*o**2 - 29460*o + 33672. Give k(-1404).
-24
Let s(v) = 15*v**2 + 1246*v + 5069. What is s(-4)?
325
Let i(a) = a**3 + 245*a**2 - 490*a + 1092. Calculate i(-247).
104
Let r(g) = -g**3 + 34*g**2 + 684*g + 9388. Calculate r(51).
55
Let b(j) = j**3 + 146*j**2 + 1603*j - 730. Calculate b(-134).
-60
Let d(w) = 796*w + 10449. What is d(-14)?
-695
Let s(o) = -5*o**3 - 72*o**2 + 105*o + 894. Give s(-15).
-6
Let r(g) = 3300*g - 36294. Calculate r(11).
6
Let b(j) = 7353*j + 81480. Calculate b(-11).
597
Let t(l) = -14*l + 120. Give t(34).
-356
Let h(m) = m**3 + 221*m**2 - 138*m + 18656. What is h(-222)?
8
Let g(v) = 5045*v + 35325. Calculate g(-7).
10
Let o(z) = -303*z**2 - 3004*z + 452. Determine o(-10).
192
Let b(f) = -283148*f + 1415780. Determine b(5).
40
Let r(u) = 74*u**3 + 26122*u**2 - 31*u - 10935. What is r(-353)?
8
Let s(a) = 10609*a - 5665210. Give s(534).
-4
Let t(c) = -248410*c - 1987279. What is t(-8)?
1
Let f(y) = -129*y**3 + 3*y**2 - 248*y - 252. Calculate f(-1).
128
Let s(y) = -y**3 + 103*y**2 + 206*y + 805. Calculate s(105).
385
Let t(p) = -14*p**2 + 5760*p - 34609. Determine t(6).
-553
Let w(c) = -3141*c**2 - 273269*c - 181. Calculate w(-87).
-7
Let n(m) = -104*m**2 - 71*m + 104. What is n(-2)?
-170
Let x(g) = -165*g**3 + 3*g**2 - 34*g + 34. What is x(1)?
-162
Let q(h) = 23262*h + 209338. Determine q(-9).
-20
Let q(v) = -33186*v - 15464670. Give q(-466).
6
Let f(h) = h**3 - 251*h**2 - 378*h - 32343. Give f(253).
41
Let w(o) = 6322*o - 183532. What is w(29)?
-194
Let f(l) = l**3 + 12*l**2 + 647*l + 3555. What is f(-7)?
-729
Let p(x) = 17955*x - 484747. Give p(27).
38
Let x(a) = 56*a**2 + 266*a + 87. Determine x(-4).
-81
Let t(x) = -x**2 + 168*x - 3402. Calculate t(28).
518
Let n(o) = 28*o**3 - 7*o**2 + 122*o - 116. Determine n(1).
27
Let s(i) = -8342*i**2 + 41752*i - 220. Calculate s(5).
-10
Let b(o) = -1783*o**2 + 33834*o + 854. Determine b(19).
37
Let h(i) = -3*i**2 - 339*i + 34714. Give h(65).
4
Let f(m) = -43787*m - 42945. Calculate f(-1).
842
Let n(x) = 3648*x + 140903. Determine n(-39).
-1369
Let k(x) = 2*x**2 - 1108*x + 146014. What is k(216)?
-2
L